{"id":3102,"date":"2021-10-26T15:00:47","date_gmt":"2021-10-26T18:00:47","guid":{"rendered":"https:\/\/ofertasimportadas.cl\/?page_id=3102"},"modified":"2021-10-26T15:09:57","modified_gmt":"2021-10-26T18:09:57","slug":"politicas-de-despacho","status":"publish","type":"page","link":"https:\/\/ofertasimportadas.cl\/index.php\/politicas-de-despacho\/","title":{"rendered":"Pol\u00edticas de Despacho"},"content":{"rendered":"\n<h2 class=\"wp-block-heading\">Despacho<\/h2>\n\n\n\n<p>Nuestros productos son despachados a todo el pa\u00eds.<\/p>\n\n\n\n<p>Al momento de realizar tu pedido el sistema calcular\u00e1 autom\u00e1ticamente un monto de env\u00edo seg\u00fan tu direcci\u00f3n.<\/p>\n\n\n\n<p>Estamos despachando todos los d\u00edas de la semana, el tiempo de preparaci\u00f3n del pedido es hasta 48 hrs h\u00e1biles. * Durante la semana de cyberday el tiempo de preparaci\u00f3n es de hasta 5 d\u00edas h\u00e1biles, sin embargo, haremos todo lo posible por preparar tu pedido en el menor tiempo posible.<\/p>\n\n\n\n<p>Una vez despachado debes considerar un tiempo de env\u00edo de 1-5 d\u00edas h\u00e1biles para la RM, 1-8 d\u00edas h\u00e1biles a regiones y hasta 12 d\u00edas h\u00e1biles a zonas extremas. *Para compras realizadas en periodo cyberday, se debe considerar hasta 5 d\u00edas h\u00e1biles adicionales a los tiempos de env\u00edo anteriores, debido a demoras que siempre existen en estas fechas con todos los operadores log\u00edsticos<\/p>\n\n\n\n<p>IMPORTANTE: DEBIDO A LA SITUACI\u00d3N DE PANDEMIA Y EL AUMENTO DE LA DEMANDA DE ENV\u00edOS POR LAS EMPRESAS COURRIER EL TIEMPO DE ENV\u00cdO PUEDE EXTENDERSE.<\/p>\n\n\n\n<p>El n\u00famero de seguimiento de tu pedido te ser\u00e1 enviado por mail una vez que sea entregado al courier.<\/p>\n\n\n\n<p><\/p>\n\n\n\n<p>IMPORTANTE<\/p>\n\n\n\n<ul class=\"wp-block-list\"><li>Las entregas a domicilio se realizan de lunes a viernes desde 9:00 a 20:00 horas y \u00e9stas pueden realizarse a terceros (familiares o conserjes).<\/li><\/ul>\n\n\n\n<ul class=\"wp-block-list\"><li>Es responsabilidad del cliente proveer una direcci\u00f3n en la que haya gente para recibir el o los paquetes en el horario de entrega. Si hay momentos del d\u00eda en que no hay nadie en tu casa \u00a1No te preocupes, tenemos la soluci\u00f3n! Pide el despacho con retiro a sucursal al momento de hacer el checkout.<\/li><li>En los despachos que son a domicilio se hacen 2 intentos de entrega. Si luego del segundo intento no se encuentra nadie para recibir tu pedido, tu compra volver\u00e1 a nosotros. En caso de que tu pedido no sea recepcionado y vuelva a nosotros, se cobrar\u00e1 al cliente el segundo despacho. Esto tambi\u00e9n aplica a los paquetes que no son retirados de sucursal dentro del plazo establecido de 5 d\u00edas.<\/li><li>Es responsabilidad del cliente ingresar una direcci\u00f3n que tenga cobertura de despacho en zona urbana,en caso de que no exista cobertura para la direcci\u00f3n ingresada o que sea una direcci\u00f3n en zona rural, el env\u00edo debe ser solicitado a una sucursal.<\/li><li>En caso de ingresar una direcci\u00f3n a zona sin cobertura o zona rural, el env\u00edo no podr\u00e1 ser entregado. Para volver a despachar a sucursal se debe hacer el pago de un segundo env\u00edo o en caso de solicitar reembolso, se reembolsar\u00e1 el valor del producto sin considerar los costos del env\u00edo.<\/li><\/ul>\n\n\n\n<ul class=\"wp-block-list\"><li>Las demoras causadas por la ausencia del cliente al momento de la entrega, informaci\u00f3n de registro incorrecta, la negativa del cliente para aceptar el env\u00edo y el cambio de domicilio, NO son responsabilidad de Ofertas Importadas. Cualquiera de estos casos son responsabilidad del cliente y \u00e9ste deber\u00e1 pagar el despacho si as\u00ed lo amerita.<\/li><li>Para eventos especiales como Cyber Day, el plazo de preparaci\u00f3n y despacho del pedido puede extenderse. El tiempo final de despacho est\u00e1 sujeto a los tiempos de distribuci\u00f3n y servicio de empresas externas.&nbsp;<\/li><li>En caso de ocurrir un incumplimiento del tiempo estimado, no se realiza reembolso del valor del servicio.&nbsp;<\/li><\/ul>\n\n\n\n<blockquote class=\"wp-block-quote is-layout-flow wp-block-quote-is-layout-flow\"><p><\/p><\/blockquote>\n\n\n\n<hr class=\"wp-block-separator has-text-color has-background has-light-green-cyan-background-color has-light-green-cyan-color\"\/>\n\n\n\n<p><\/p>\n","protected":false},"excerpt":{"rendered":"<p>Despacho Nuestros productos son despachados a todo el pa\u00eds. Al momento de realizar tu pedido el sistema calcular\u00e1 autom\u00e1ticamente un monto de env\u00edo seg\u00fan tu direcci\u00f3n.<span class=\"excerpt-hellip\"> [\u2026]<\/span><\/p>\n","protected":false},"author":1,"featured_media":0,"parent":0,"menu_order":0,"comment_status":"closed","ping_status":"open","template":"","meta":{"_joinchat":[],"footnotes":""},"class_list":["post-3102","page","type-page","status-publish","hentry"],"_links":{"self":[{"href":"https:\/\/ofertasimportadas.cl\/index.php\/wp-json\/wp\/v2\/pages\/3102","targetHints":{"allow":["GET"]}}],"collection":[{"href":"https:\/\/ofertasimportadas.cl\/index.php\/wp-json\/wp\/v2\/pages"}],"about":[{"href":"https:\/\/ofertasimportadas.cl\/index.php\/wp-json\/wp\/v2\/types\/page"}],"author":[{"embeddable":true,"href":"https:\/\/ofertasimportadas.cl\/index.php\/wp-json\/wp\/v2\/users\/1"}],"replies":[{"embeddable":true,"href":"https:\/\/ofertasimportadas.cl\/index.php\/wp-json\/wp\/v2\/comments?post=3102"}],"version-history":[{"count":3,"href":"https:\/\/ofertasimportadas.cl\/index.php\/wp-json\/wp\/v2\/pages\/3102\/revisions"}],"predecessor-version":[{"id":3106,"href":"https:\/\/ofertasimportadas.cl\/index.php\/wp-json\/wp\/v2\/pages\/3102\/revisions\/3106"}],"wp:attachment":[{"href":"https:\/\/ofertasimportadas.cl\/index.php\/wp-json\/wp\/v2\/media?parent=3102"}],"curies":[{"name":"wp","href":"https:\/\/api.w.org\/{rel}","templated":true}]}}