{"id":2873,"date":"2021-10-18T16:03:05","date_gmt":"2021-10-18T19:03:05","guid":{"rendered":"https:\/\/ofertasimportadas.cl\/index.php\/producto\/centrum-men-120-tabetas\/"},"modified":"2026-05-10T00:37:42","modified_gmt":"2026-05-10T03:37:42","slug":"centrum-men-120-tabetas","status":"publish","type":"product","link":"https:\/\/ofertasimportadas.cl\/index.php\/producto\/centrum-men-120-tabetas\/","title":{"rendered":"CENTRUM Men 120 Tabletas"},"content":{"rendered":"<p style=\"padding-left: 40px;\"><b>Multivitaminico Centrum\u00a0 Men es el suplemento multivitam\u00ednico y multimineral m\u00e1s completo especialmente formulado para hombres, que contiene los niveles m\u00e1s altos de vitamina D3 de Centrum para el apoyo a la salud muscular. Estas multivitaminas para adultos brindan antioxidantes como el zinc y las vitaminas E y C para el apoyo inmunol\u00f3gico, y suplementos energ\u00e9ticos como las vitaminas B para satisfacer sus necesidades diarias. Elaborada con ingredientes sin gluten y sin OGM, cada tableta tambi\u00e9n contiene suplementos musculares y vitaminas para el metabolismo para ayudar a su cuerpo a procesar las grasas, los carbohidratos y las prote\u00ednas de manera efectiva. Estas vitaminas para hombres ayudan a mantener un estilo de vida saludable. Tomar una tableta diaria con comida. Alimente sus c\u00e9lulas, alimente su vida con Centrum, la marca # 1 recomendada por m\u00e9dicos y farmac\u00e9uticos.<\/b><\/p>\n<ul>\n<li style=\"font-weight: 400;\" aria-level=\"1\"><span style=\"font-weight: 400;\">Centrum Multivitamins for Men, suplemento multivitam\u00ednico \/ multimineral con vitamina D3, vitaminas B y antioxidantes<\/span><\/li>\n<li style=\"font-weight: 400;\" aria-level=\"1\"><span style=\"font-weight: 400;\">Multivitam\u00ednico para hombres especialmente formulado para la energ\u00eda, el metabolismo y el apoyo inmunol\u00f3gico.<\/span><\/li>\n<li style=\"font-weight: 400;\" aria-level=\"1\"><span style=\"font-weight: 400;\">Contiene los niveles m\u00e1s altos de vitamina D3 de Centrum para apoyar la salud muscular<\/span><\/li>\n<li style=\"font-weight: 400;\" aria-level=\"1\"><span style=\"font-weight: 400;\">Contiene vitaminas B, C, D y E, micronutrientes esenciales y antioxidantes como el zinc.<\/span><\/li>\n<li style=\"font-weight: 400;\" aria-level=\"1\"><span style=\"font-weight: 400;\">Disponible en forma de tableta f\u00e1cil de tomar hecha con ingredientes sin OMG ni gluten.<\/span><\/li>\n<li style=\"font-weight: 400;\" aria-level=\"1\"><span style=\"font-weight: 400;\">Tome un multivitam\u00ednico para hombres todos los d\u00edas con alimentos.<\/span><\/li>\n<\/ul>\n<h3><b>Dosis<\/b><\/h3>\n<p><span style=\"font-weight: 400;\">1 tableta<\/span><\/p>\n<h3><b>Instrucciones<\/b><\/h3>\n<p><span style=\"font-weight: 400;\">Adultos: tomar una (1) tableta al d\u00eda con comida. No formulado para su uso en ni\u00f1os. No exceda el uso sugerido.<\/span><\/p>\n","protected":false},"excerpt":{"rendered":"<ol>\n<li><b>Multivitaminico Centrum\u00a0 Men es el suplemento multivitam\u00ednico y multimineral. <\/b><\/li>\n<\/ol>\n","protected":false},"featured_media":4807,"comment_status":"open","ping_status":"closed","template":"","meta":{"_joinchat":[]},"product_brand":[],"product_cat":[82,27,101,81],"product_tag":[],"class_list":{"0":"post-2873","1":"product","2":"type-product","3":"status-publish","4":"has-post-thumbnail","6":"product_cat-multivitaminicos-vitaminas-para-ellos","7":"product_cat-para-ellos","8":"product_cat-todos-los-productos","9":"product_cat-vitaminas-para-ellos","11":"first","12":"instock","13":"shipping-taxable","14":"purchasable","15":"product-type-simple"},"_links":{"self":[{"href":"https:\/\/ofertasimportadas.cl\/index.php\/wp-json\/wp\/v2\/product\/2873","targetHints":{"allow":["GET"]}}],"collection":[{"href":"https:\/\/ofertasimportadas.cl\/index.php\/wp-json\/wp\/v2\/product"}],"about":[{"href":"https:\/\/ofertasimportadas.cl\/index.php\/wp-json\/wp\/v2\/types\/product"}],"replies":[{"embeddable":true,"href":"https:\/\/ofertasimportadas.cl\/index.php\/wp-json\/wp\/v2\/comments?post=2873"}],"wp:featuredmedia":[{"embeddable":true,"href":"https:\/\/ofertasimportadas.cl\/index.php\/wp-json\/wp\/v2\/media\/4807"}],"wp:attachment":[{"href":"https:\/\/ofertasimportadas.cl\/index.php\/wp-json\/wp\/v2\/media?parent=2873"}],"wp:term":[{"taxonomy":"product_brand","embeddable":true,"href":"https:\/\/ofertasimportadas.cl\/index.php\/wp-json\/wp\/v2\/product_brand?post=2873"},{"taxonomy":"product_cat","embeddable":true,"href":"https:\/\/ofertasimportadas.cl\/index.php\/wp-json\/wp\/v2\/product_cat?post=2873"},{"taxonomy":"product_tag","embeddable":true,"href":"https:\/\/ofertasimportadas.cl\/index.php\/wp-json\/wp\/v2\/product_tag?post=2873"}],"curies":[{"name":"wp","href":"https:\/\/api.w.org\/{rel}","templated":true}]}}