{"id":2878,"date":"2021-10-18T16:03:06","date_gmt":"2021-10-18T19:03:06","guid":{"rendered":"https:\/\/ofertasimportadas.cl\/index.php\/producto\/centrum-silver-men-50-anos-100-tabletas\/"},"modified":"2026-03-20T18:16:51","modified_gmt":"2026-03-20T21:16:51","slug":"centrum-silver-men-50-anos-100-tabletas","status":"publish","type":"product","link":"https:\/\/ofertasimportadas.cl\/index.php\/producto\/centrum-silver-men-50-anos-100-tabletas\/","title":{"rendered":"CENTRUM Silver Men +50 a\u00f1os 100 Tabletas"},"content":{"rendered":"<p><b>Multivitaminico Centrum Silver\u00a0 para hombres mayores de 50 a\u00f1os le ofrece un suplemento multivitam\u00ednico y multimineral personalizado que contiene micronutrientes para ayudar a respaldar el bienestar corporal completo, desde la A hasta el zinc (1). Este multivitam\u00ednico para hombres mayores de 50 a\u00f1os contiene nutrientes esenciales, que incluyen vitamina D y magnesio para ayudar a mantener la salud muscular, vitaminas B para ayudar a promover la salud del coraz\u00f3n, zinc para ayudar a mantener la funci\u00f3n normal del cerebro, lute\u00edna y vitaminas A, C y E para mantener la salud. ojos (1, 2, 3). Los micronutrientes clave en las vitaminas de estos hombres ayudan a llenar los vac\u00edos nutricionales para promover el bienestar y la vitalidad en general (1). Este multivitam\u00ednico para hombres senior es un multivitam\u00ednico para hombres sin OGM (4) verificado y sin gluten para adaptarse a una variedad de preferencias diet\u00e9ticas. Centrum Silver men &#8216; Las tabletas multivitam\u00ednicas tienen una capa suave que hace que estas multivitaminas sean f\u00e1ciles de tragar. Simplemente tome una de estas vitaminas para hombres mayores todos los d\u00edas para proporcionarle a su cuerpo vitaminas y minerales clave. Ayude a apoyar el bienestar de todo el cuerpo (1) con Centrum, la marca n\u00famero 1 recomendada por m\u00e9dicos y farmac\u00e9uticos.<\/b><\/p>\n<p><b>(1) Estas declaraciones no han sido evaluadas por la Administraci\u00f3n de Drogas y Alimentos. Este producto no est\u00e1 destinado a diagnosticar, tratar, curar o prevenir ninguna enfermedad. (2) No reemplaza los medicamentos para reducir el colesterol (3) Este producto no est\u00e1 destinado a proporcionar una ingesta diaria de lute\u00edna. Tomar con una dieta rica en frutas y verduras (4) Non-GMO se aplica s\u00f3lo a las tabletas Centrum y Centrum Silver; Obtenga m\u00e1s informaci\u00f3n en el sitio web oficial de Centrum.<\/b><\/p>\n<ul>\n<li style=\"font-weight: 400;\" aria-level=\"1\"><span style=\"font-weight: 400;\">Centrum Silver Multivitamin for Men +50, Suplemento multivitam\u00ednico \/ multimineral con vitamina D3, vitaminas B y zinc<\/span><\/li>\n<li style=\"font-weight: 400;\" aria-level=\"1\"><span style=\"font-weight: 400;\">Multivitaminas multiminerales para hombres mayores de 50 a\u00f1os que son suplementos ideales para la salud ocular, card\u00edaca y cerebral (1, 2)<\/span><\/li>\n<li style=\"font-weight: 400;\" aria-level=\"1\"><span style=\"font-weight: 400;\">Multivitaminas para hombres mayores que contienen micronutrientes como vitaminas B, vitamina D3 y zinc que ayudan a mantener el bienestar corporal completo (1, 2)<\/span><\/li>\n<li style=\"font-weight: 400;\" aria-level=\"1\"><span style=\"font-weight: 400;\">Multivitaminas multiminerales para hombres mayores de 50 a\u00f1os que ayudan a mantener la salud inmunol\u00f3gica, la salud \u00f3sea y la funci\u00f3n muscular con vitamina D (1)<\/span><\/li>\n<li style=\"font-weight: 400;\" aria-level=\"1\"><span style=\"font-weight: 400;\">Los suplementos para la salud del cerebro no contienen OMG ni gluten (1, 3, 4)<\/span><\/li>\n<li style=\"font-weight: 400;\" aria-level=\"1\"><span style=\"font-weight: 400;\">Vitaminas para la salud ocular que vienen en tabletas f\u00e1ciles de tragar<\/span><\/li>\n<li style=\"font-weight: 400;\" aria-level=\"1\"><span style=\"font-weight: 400;\">Tome una de estas tabletas de vitamina para hombres todos los d\u00edas para proporcionar nutrientes que ayudan a mantener un cuerpo saludable (1)<\/span><\/li>\n<\/ul>\n<h3><b>Dosis<\/b><\/h3>\n<p><span style=\"font-weight: 400;\">1 tableta<\/span><\/p>\n<h3><b>Instrucciones<\/b><\/h3>\n<p><span style=\"font-weight: 400;\">Adultos: tomar una (1) tableta al d\u00eda con comida. No formulado para su uso en ni\u00f1os. No exceda el uso sugerido.<\/span><\/p>\n","protected":false},"excerpt":{"rendered":"<p><b>Multivitaminico Centrum Silver\u00a0 para hombres mayores de 50 a\u00f1os le ofrece un suplemento multivitam\u00ednico y multimineral. <\/b><\/p>\n","protected":false},"featured_media":3033,"comment_status":"open","ping_status":"closed","template":"","meta":{"_joinchat":[]},"product_brand":[],"product_cat":[82,27,101,81],"product_tag":[],"class_list":{"0":"post-2878","1":"product","2":"type-product","3":"status-publish","4":"has-post-thumbnail","6":"product_cat-multivitaminicos-vitaminas-para-ellos","7":"product_cat-para-ellos","8":"product_cat-todos-los-productos","9":"product_cat-vitaminas-para-ellos","11":"first","12":"instock","13":"shipping-taxable","14":"purchasable","15":"product-type-simple"},"_links":{"self":[{"href":"https:\/\/ofertasimportadas.cl\/index.php\/wp-json\/wp\/v2\/product\/2878","targetHints":{"allow":["GET"]}}],"collection":[{"href":"https:\/\/ofertasimportadas.cl\/index.php\/wp-json\/wp\/v2\/product"}],"about":[{"href":"https:\/\/ofertasimportadas.cl\/index.php\/wp-json\/wp\/v2\/types\/product"}],"replies":[{"embeddable":true,"href":"https:\/\/ofertasimportadas.cl\/index.php\/wp-json\/wp\/v2\/comments?post=2878"}],"wp:featuredmedia":[{"embeddable":true,"href":"https:\/\/ofertasimportadas.cl\/index.php\/wp-json\/wp\/v2\/media\/3033"}],"wp:attachment":[{"href":"https:\/\/ofertasimportadas.cl\/index.php\/wp-json\/wp\/v2\/media?parent=2878"}],"wp:term":[{"taxonomy":"product_brand","embeddable":true,"href":"https:\/\/ofertasimportadas.cl\/index.php\/wp-json\/wp\/v2\/product_brand?post=2878"},{"taxonomy":"product_cat","embeddable":true,"href":"https:\/\/ofertasimportadas.cl\/index.php\/wp-json\/wp\/v2\/product_cat?post=2878"},{"taxonomy":"product_tag","embeddable":true,"href":"https:\/\/ofertasimportadas.cl\/index.php\/wp-json\/wp\/v2\/product_tag?post=2878"}],"curies":[{"name":"wp","href":"https:\/\/api.w.org\/{rel}","templated":true}]}}