{"id":2888,"date":"2021-10-18T16:03:08","date_gmt":"2021-10-18T19:03:08","guid":{"rendered":"https:\/\/ofertasimportadas.cl\/index.php\/producto\/centrum-multigummies-multybeauty\/"},"modified":"2026-03-18T12:29:29","modified_gmt":"2026-03-18T15:29:29","slug":"centrum-multigummies-multybeauty","status":"publish","type":"product","link":"https:\/\/ofertasimportadas.cl\/index.php\/producto\/centrum-multigummies-multybeauty\/","title":{"rendered":"CENTRUM Multigummies Multi+Beauty"},"content":{"rendered":"<p><b>Multivitaminico Centrum multigummies Multi + Beauty son un suplemento multivitam\u00ednico \/ multimineral diario formulado con vitaminas para la piel del cabello y las u\u00f1as para mantener un cuerpo hermoso y saludable. Estas vitaminas para la salud y la belleza brindan una combinaci\u00f3n de 12 nutrientes claves, que incluyen biotina y vitaminas A, C y E para ayudar a mantener una apariencia saludable, y vitamina D y calcio para ayudar a mantener huesos fuertes. Estas gomitas multivitam\u00ednicas para mujeres tambi\u00e9n proporcionan vitamina B para respaldar sus necesidades energ\u00e9ticas diarias y antioxidantes para respaldar la funci\u00f3n inmunol\u00f3gica normal. Hechas con ingredientes sin gluten y sin sabores ni edulcorantes artificiales, estas gomitas vienen en deliciosos sabores de cereza, bayas y naranja. Alimente sus c\u00e9lulas, alimente su vida con Centrum, la marca # 1 recomendada por m\u00e9dicos y farmac\u00e9uticos.<\/b><\/p>\n<ul>\n<li aria-level=\"1\"><b>Una botella de 100 unidades de Gomitas Centrum Multi + Beauty con sabor a cereza, bayas y naranja, vitaminas para el cabello, la piel y las u\u00f1as<\/b><\/li>\n<\/ul>\n<ul>\n<li aria-level=\"1\"><b>Multivitam\u00ednico gomoso para mujeres que ayuda a mantener la salud del cabello, la piel y las u\u00f1as de los dedos<\/b><\/li>\n<\/ul>\n<ul>\n<li aria-level=\"1\"><b>Multivitam\u00ednicos para mujeres con 12 nutrientes para el apoyo inmunol\u00f3gico, para mantener huesos fuertes y para satisfacer sus necesidades energ\u00e9ticas diarias.<\/b><\/li>\n<\/ul>\n<ul>\n<li aria-level=\"1\"><b>Vitaminas para mujeres que contienen biotina, zinc, calcio y vitaminas A, B, C, D y E<\/b><\/li>\n<\/ul>\n<ul>\n<li aria-level=\"1\"><b>Multivitam\u00ednico para mujeres elaborado con ingredientes sin gluten y sin sabores ni edulcorantes artificiales<\/b><\/li>\n<\/ul>\n<ul>\n<li aria-level=\"1\"><b>Deliciosos multivitam\u00ednicos gomosos con sabor a cereza, bayas y naranja para mujeres que son f\u00e1ciles de masticar<\/b><\/li>\n<\/ul>\n<ul>\n<li aria-level=\"1\"><b>Tome dos gomitas de belleza todos los d\u00edas con o sin comida o agua.<\/b><\/li>\n<\/ul>\n<h3><b>Dosis<\/b><\/h3>\n<p><b>2 gomitas<\/b><\/p>\n<h3><b>Instrucciones<\/b><\/h3>\n<p><b>Adultos: tomar dos (2) gomitas al d\u00eda. No exceda el uso sugerido. No est\u00e1 formulado para su uso en ni\u00f1os. <\/b><\/p>\n","protected":false},"excerpt":{"rendered":"<p><b>Multivitaminico Centrum multigummies Multi + Beauty son un suplemento multivitam\u00ednico \/ multimineral. <\/b><b> <\/b><\/p>\n","protected":false},"featured_media":2999,"comment_status":"open","ping_status":"closed","template":"","meta":{"_joinchat":[]},"product_brand":[],"product_cat":[73,26,101,70],"product_tag":[],"class_list":{"0":"post-2888","1":"product","2":"type-product","3":"status-publish","4":"has-post-thumbnail","6":"product_cat-multivitaminicos","7":"product_cat-para-ellas","8":"product_cat-todos-los-productos","9":"product_cat-vitaminas","11":"first","12":"outofstock","13":"shipping-taxable","14":"purchasable","15":"product-type-simple"},"_links":{"self":[{"href":"https:\/\/ofertasimportadas.cl\/index.php\/wp-json\/wp\/v2\/product\/2888","targetHints":{"allow":["GET"]}}],"collection":[{"href":"https:\/\/ofertasimportadas.cl\/index.php\/wp-json\/wp\/v2\/product"}],"about":[{"href":"https:\/\/ofertasimportadas.cl\/index.php\/wp-json\/wp\/v2\/types\/product"}],"replies":[{"embeddable":true,"href":"https:\/\/ofertasimportadas.cl\/index.php\/wp-json\/wp\/v2\/comments?post=2888"}],"wp:featuredmedia":[{"embeddable":true,"href":"https:\/\/ofertasimportadas.cl\/index.php\/wp-json\/wp\/v2\/media\/2999"}],"wp:attachment":[{"href":"https:\/\/ofertasimportadas.cl\/index.php\/wp-json\/wp\/v2\/media?parent=2888"}],"wp:term":[{"taxonomy":"product_brand","embeddable":true,"href":"https:\/\/ofertasimportadas.cl\/index.php\/wp-json\/wp\/v2\/product_brand?post=2888"},{"taxonomy":"product_cat","embeddable":true,"href":"https:\/\/ofertasimportadas.cl\/index.php\/wp-json\/wp\/v2\/product_cat?post=2888"},{"taxonomy":"product_tag","embeddable":true,"href":"https:\/\/ofertasimportadas.cl\/index.php\/wp-json\/wp\/v2\/product_tag?post=2888"}],"curies":[{"name":"wp","href":"https:\/\/api.w.org\/{rel}","templated":true}]}}