{"id":2890,"date":"2021-10-18T16:03:08","date_gmt":"2021-10-18T19:03:08","guid":{"rendered":"https:\/\/ofertasimportadas.cl\/index.php\/producto\/centrum-multigummies-multyomega3\/"},"modified":"2026-04-11T00:16:46","modified_gmt":"2026-04-11T03:16:46","slug":"centrum-multigummies-multyomega3","status":"publish","type":"product","link":"https:\/\/ofertasimportadas.cl\/index.php\/producto\/centrum-multigummies-multyomega3\/","title":{"rendered":"CENTRUM Multigummies Multy+Omega3"},"content":{"rendered":"<p><b>Multivitaminico Centrum MultiGummies Omega 3 para adultos brinda\u00a0 una nueva forma de mantener su salud en general con un delicioso sabor afrutado. Combinando 11 micronutrientes con Omega 3, un \u00e1cido graso importante, estas gomitas multivitam\u00ednicas para adultos brindan vitaminas para la salud ocular, suplementos para la salud del coraz\u00f3n y suplementos para la salud del cerebro para mantener un cuerpo sano. Cada gomita multivitam\u00ednica contiene vitaminas B y zinc para ayudar a mantener el funcionamiento normal del cerebro, la salud del coraz\u00f3n y las necesidades energ\u00e9ticas diarias. Con vitaminas A, C y E, este multivitam\u00ednico gomoso tambi\u00e9n apoya la salud de los ojos y la funci\u00f3n inmunol\u00f3gica normal. Hechas con ingredientes sin gluten y sin sabores ni edulcorantes artificiales, estas gomitas multivitam\u00ednicas para adultos vienen en tres deliciosos sabores naturales: fresa, lim\u00f3n y naranja. Disfruta de todos los beneficios de estas gomitas tomando dos al d\u00eda. Alimenta tus c\u00e9lulas<\/b><\/p>\n<ul>\n<li aria-level=\"1\"><b>Una botella de 110 unidades de gomitas Centrum MultiGummies Omega 3 para adultos, gomitas multivitam\u00ednicas para adultos con sabor a fresa, lim\u00f3n y naranja<\/b><\/li>\n<\/ul>\n<ul>\n<li aria-level=\"1\"><b>Multivitam\u00ednico para adultos que proporciona una nueva y deliciosa forma de apoyar la salud de su coraz\u00f3n, cerebro y ojos.<\/b><\/li>\n<\/ul>\n<ul>\n<li aria-level=\"1\"><b>Suplementos de omega 3 con antioxidantes, vitaminas B y micronutrientes para promover la funci\u00f3n inmunol\u00f3gica normal y respaldar las necesidades energ\u00e9ticas diarias.<\/b><\/li>\n<\/ul>\n<ul>\n<li aria-level=\"1\"><b>Vitaminas gomosas omega 3 con zinc y vitaminas A, B, C y E<\/b><\/li>\n<\/ul>\n<ul>\n<li aria-level=\"1\"><b>Gomitas multivitam\u00ednicas f\u00e1ciles de tomar elaboradas con ingredientes sin gluten y sin sabores ni edulcorantes artificiales<\/b><\/li>\n<\/ul>\n<ul>\n<li aria-level=\"1\"><b>Vitaminas gomosas para adultos disponibles en tres deliciosos sabores naturales: fresa, lim\u00f3n y naranja.<\/b><\/li>\n<\/ul>\n<ul>\n<li aria-level=\"1\"><b>Disfrute de todos los beneficios de estas gomitas multivitam\u00ednicas para adultos tomando dos gomitas al d\u00eda.<\/b><\/li>\n<\/ul>\n<h3><b>Dosis<\/b><\/h3>\n<p><b>2 gomitas<\/b><\/p>\n<h3><b>Instrucciones<\/b><\/h3>\n<p><b>Adultos: tomar dos (2) gomitas al d\u00eda. No exceda el uso sugerido. No est\u00e1 formulado para su uso en ni\u00f1os.\u00a0<\/b><\/p>\n","protected":false},"excerpt":{"rendered":"<p><b>Multivitaminico Centrum MultiGummies Omega 3 para adultos brinda\u00a0 una nueva forma de mantener su salud en general con un delicioso sabor afrutado.<\/b><\/p>\n","protected":false},"featured_media":3002,"comment_status":"open","ping_status":"closed","template":"","meta":{"_joinchat":[]},"product_brand":[],"product_cat":[83,74,26,27,101,81,70],"product_tag":[],"class_list":{"0":"post-2890","1":"product","2":"type-product","3":"status-publish","4":"has-post-thumbnail","6":"product_cat-omega3-vitaminas-para-ellos","7":"product_cat-omega3","8":"product_cat-para-ellas","9":"product_cat-para-ellos","10":"product_cat-todos-los-productos","11":"product_cat-vitaminas-para-ellos","12":"product_cat-vitaminas","14":"first","15":"outofstock","16":"shipping-taxable","17":"purchasable","18":"product-type-simple"},"_links":{"self":[{"href":"https:\/\/ofertasimportadas.cl\/index.php\/wp-json\/wp\/v2\/product\/2890","targetHints":{"allow":["GET"]}}],"collection":[{"href":"https:\/\/ofertasimportadas.cl\/index.php\/wp-json\/wp\/v2\/product"}],"about":[{"href":"https:\/\/ofertasimportadas.cl\/index.php\/wp-json\/wp\/v2\/types\/product"}],"replies":[{"embeddable":true,"href":"https:\/\/ofertasimportadas.cl\/index.php\/wp-json\/wp\/v2\/comments?post=2890"}],"wp:featuredmedia":[{"embeddable":true,"href":"https:\/\/ofertasimportadas.cl\/index.php\/wp-json\/wp\/v2\/media\/3002"}],"wp:attachment":[{"href":"https:\/\/ofertasimportadas.cl\/index.php\/wp-json\/wp\/v2\/media?parent=2890"}],"wp:term":[{"taxonomy":"product_brand","embeddable":true,"href":"https:\/\/ofertasimportadas.cl\/index.php\/wp-json\/wp\/v2\/product_brand?post=2890"},{"taxonomy":"product_cat","embeddable":true,"href":"https:\/\/ofertasimportadas.cl\/index.php\/wp-json\/wp\/v2\/product_cat?post=2890"},{"taxonomy":"product_tag","embeddable":true,"href":"https:\/\/ofertasimportadas.cl\/index.php\/wp-json\/wp\/v2\/product_tag?post=2890"}],"curies":[{"name":"wp","href":"https:\/\/api.w.org\/{rel}","templated":true}]}}