{"id":2895,"date":"2021-10-18T16:03:09","date_gmt":"2021-10-18T19:03:09","guid":{"rendered":"https:\/\/ofertasimportadas.cl\/index.php\/producto\/melatonina-spring-valley-10mg-120-tabletas\/"},"modified":"2026-05-09T20:46:17","modified_gmt":"2026-05-09T23:46:17","slug":"melatonina-spring-valley-10mg-120-tabletas","status":"publish","type":"product","link":"https:\/\/ofertasimportadas.cl\/index.php\/producto\/melatonina-spring-valley-10mg-120-tabletas\/","title":{"rendered":"Melatonina SPRING VALLEY 10mg 120 dosis sabor frutilla"},"content":{"rendered":"<p><b>Apoyo para el sue\u00f1o *<\/b><\/p>\n<p>&nbsp;<\/p>\n<p><b>Descanse tranquilo con nuestro Suplemento Diet\u00e9tico de Melatonina de Disoluci\u00f3n R\u00e1pida de Spring Valley, 10 mg. La melatonina ayuda a regular los ciclos de sue\u00f1o y vigilia y puede favorecer un sue\u00f1o m\u00e1s reparador. La porci\u00f3n sugerida para adultos es una tableta de disoluci\u00f3n r\u00e1pida con sabor a fresa, 20 minutos antes de acostarse. Estos suplementos diet\u00e9ticos no contienen gluten, trigo, leche, huevos, pescado, crust\u00e1ceos, frutos secos, cacahuetes, soja ni levadura. Son 100% vegetarianos y no contienen colorantes ni conservantes artificiales. Puede estar seguro de que nuestro Suplemento Diet\u00e9tico de Melatonina de Disoluci\u00f3n R\u00e1pida de Spring Valley, 10 mg, se produce con estrictas pautas de calidad y est\u00e1 respaldado por nuestra garant\u00eda de calidad.<\/b><\/p>\n<p><b>Spring Valley entiende que llevar un estilo de vida saludable y equilibrado es la clave. Con una gama asequible de productos inspirados en la naturaleza, Spring Valley apoya la salud y el bienestar integral de usted y su familia.<\/b><\/p>\n<p><b>La melatonina ayuda a regular los ciclos de sue\u00f1o y vigilia y puede contribuir a un sue\u00f1o m\u00e1s reparador. *<\/b><\/p>\n<p><b>* Estas declaraciones no han sido evaluadas por la Administraci\u00f3n de Drogas y Alimentos. Este producto no est\u00e1 destinado a diagnosticar, tratar, curar o prevenir ninguna enfermedad.<\/b><\/p>\n<p><b>Sin gluten, trigo, leche, huevos, pescado, crust\u00e1ceos, frutos secos, cacahuetes, soja, levadura, colorantes artificiales ni conservantes.<\/b><\/p>\n<ul>\n<li aria-level=\"1\"><b>Suplemento diet\u00e9tico para ayudar al sue\u00f1o<\/b><\/li>\n<\/ul>\n<ul>\n<li aria-level=\"1\"><b>10 mg de melatonina por tableta<\/b><\/li>\n<\/ul>\n<ul>\n<li aria-level=\"1\"><b>Tableta de disoluci\u00f3n r\u00e1pida<\/b><\/li>\n<\/ul>\n<ul>\n<li aria-level=\"1\"><b>sabor a fresa<\/b><\/li>\n<\/ul>\n<ul>\n<li aria-level=\"1\"><b>100% vegetariano<\/b><\/li>\n<\/ul>\n<ul>\n<li aria-level=\"1\"><b>Sin gluten, trigo, leche, huevos, pescado, crust\u00e1ceos, frutos secos, cacahuetes, soja ni levadura.<\/b><\/li>\n<\/ul>\n<ul>\n<li aria-level=\"1\"><b>Sin colorantes ni conservantes artificiales.<\/b><\/li>\n<\/ul>\n<ul>\n<li aria-level=\"1\"><b>120 comprimidos por frasco<\/b><\/li>\n<\/ul>\n<p><b>Dosis<\/b><\/p>\n<p><b>Uso sugerido: Adultos, tomar 1 tableta 20 minutos antes de acostarse. Para obtener los mejores resultados, deje que la tableta se disuelva en la boca antes de tragarla. No se necesita agua.<\/b><\/p>\n","protected":false},"excerpt":{"rendered":"<p>Apoyo para el sue\u00f1o * &nbsp; Descanse tranquilo con nuestro Suplemento Diet\u00e9tico de Melatonina de Disoluci\u00f3n R\u00e1pida de Spring Valley, 10 mg. La melatonina ayuda a<span class=\"excerpt-hellip\"> [\u2026]<\/span><\/p>\n","protected":false},"featured_media":3157,"comment_status":"open","ping_status":"closed","template":"","meta":{"_joinchat":[]},"product_brand":[],"product_cat":[84,75,26,27,101,70],"product_tag":[],"class_list":{"0":"post-2895","1":"product","2":"type-product","3":"status-publish","4":"has-post-thumbnail","6":"product_cat-melatonina-vitaminas-para-ellos","7":"product_cat-melatonina","8":"product_cat-para-ellas","9":"product_cat-para-ellos","10":"product_cat-todos-los-productos","11":"product_cat-vitaminas","13":"first","14":"outofstock","15":"shipping-taxable","16":"purchasable","17":"product-type-simple"},"_links":{"self":[{"href":"https:\/\/ofertasimportadas.cl\/index.php\/wp-json\/wp\/v2\/product\/2895","targetHints":{"allow":["GET"]}}],"collection":[{"href":"https:\/\/ofertasimportadas.cl\/index.php\/wp-json\/wp\/v2\/product"}],"about":[{"href":"https:\/\/ofertasimportadas.cl\/index.php\/wp-json\/wp\/v2\/types\/product"}],"replies":[{"embeddable":true,"href":"https:\/\/ofertasimportadas.cl\/index.php\/wp-json\/wp\/v2\/comments?post=2895"}],"wp:featuredmedia":[{"embeddable":true,"href":"https:\/\/ofertasimportadas.cl\/index.php\/wp-json\/wp\/v2\/media\/3157"}],"wp:attachment":[{"href":"https:\/\/ofertasimportadas.cl\/index.php\/wp-json\/wp\/v2\/media?parent=2895"}],"wp:term":[{"taxonomy":"product_brand","embeddable":true,"href":"https:\/\/ofertasimportadas.cl\/index.php\/wp-json\/wp\/v2\/product_brand?post=2895"},{"taxonomy":"product_cat","embeddable":true,"href":"https:\/\/ofertasimportadas.cl\/index.php\/wp-json\/wp\/v2\/product_cat?post=2895"},{"taxonomy":"product_tag","embeddable":true,"href":"https:\/\/ofertasimportadas.cl\/index.php\/wp-json\/wp\/v2\/product_tag?post=2895"}],"curies":[{"name":"wp","href":"https:\/\/api.w.org\/{rel}","templated":true}]}}