{"id":4601,"date":"2023-02-14T22:59:29","date_gmt":"2023-02-15T01:59:29","guid":{"rendered":"https:\/\/ofertasimportadas.cl\/?post_type=product&#038;p=4601"},"modified":"2024-10-15T23:09:02","modified_gmt":"2024-10-16T02:09:02","slug":"centrum-multigummies-kids-110-gomitas","status":"publish","type":"product","link":"https:\/\/ofertasimportadas.cl\/index.php\/producto\/centrum-multigummies-kids-110-gomitas\/","title":{"rendered":"Centrum Multigummies Kids 110 gomitas"},"content":{"rendered":"<div class=\"expand-collapse-header flex justify-between items-center w-100\">\n<h2 class=\"w-100 ma0 pa3 f5 lh-copy normal undefined\">Detalles de producto<\/h2>\n<\/div>\n<div class=\"w_rNem expand-collapse-content\">\n<div class=\"ph3 pb4 pt1\">\n<div class=\"nb3\">\n<div class=\"mb3\">\n<div class=\"dangerous-html mb3\">\n<h2>Gomitas multivitam\u00ednicas para ni\u00f1os<\/h2>\n<p>Las gomitas multivitam\u00ednicas Centrum Kids est\u00e1n formuladas con vitaminas y minerales esenciales en un delicioso sabor a frutas tropicales.<\/p>\n<p>Estas vitaminas en gomitas est\u00e1n especialmente dise\u00f1adas para apoyar la inmunidad, la energ\u00eda y el crecimiento y desarrollo de los ni\u00f1os (1). Las<\/p>\n<p>Centrum\u00a0multigummies Kids\u00a0 est\u00e1n repletas de 11 nutrientes esenciales, incluidas las vitaminas C y E para el respaldo inmunol\u00f3gico, las vitaminas B para respaldar la energ\u00eda diaria y las vitaminas y minerales para ayudar a respaldar el crecimiento y el desarrollo normales (1).<\/p>\n<p>Este delicioso multivitam\u00ednico masticable para ni\u00f1os es vegetariano, sin OGM (2), sin gluten y sin gelatina.<\/p>\n<p>Estas vitaminas en gomitas para ni\u00f1os vienen en tres sabores de frutas tropicales: mango de pi\u00f1a, fruta del drag\u00f3n (ofrece un sutil\u00a0<b>sabor<\/b> dulce con notas de bayas, pera, kiwi y sand\u00eda) y maracuy\u00e1. Cada delicioso sabor de las multivitaminas le brinda a su hijo nutrientes de alta calidad.<\/p>\n<p>Tambi\u00e9n cuentan con una base de pectina que es vegetariana.<\/p>\n<p>Para ni\u00f1os de 4 a\u00f1os de edad y mayores, d\u00e9 un multivitam\u00ednico gomoso diariamente con la comida. Las gomitas multivitam\u00ednicas para ni\u00f1os Centrum vienen en una botella de 110 gomitas para mantenerlo abastecido durante m\u00e1s de tres meses.<\/p>\n<p>&nbsp;<\/p>\n<\/div>\n<\/div>\n<div class=\"mb3\">\n<div class=\"dangerous-html mb3\">\n<ul>\n<li>Botella de 110 unidades de deliciosas gomitas multivitam\u00ednicas Centrum Kids con sabor a frutas tropicales para apoyo inmunol\u00f3gico, energ\u00eda, crecimiento y desarrollo (1)<\/li>\n<li>Multivitam\u00ednicos para ni\u00f1os repletos de 11 nutrientes esenciales<\/li>\n<li>Contiene vitaminas C y E para apoyo inmunol\u00f3gico y vitaminas B para apoyar la energ\u00eda diaria (1)<\/li>\n<li>Multivitam\u00ednico en gomitas con sabores de frutas tropicales aptos para ni\u00f1os elaborado sin jarabe de ma\u00edz con alto contenido de fructosa, sin colorantes sint\u00e9ticos o sabores o edulcorantes artificiales<\/li>\n<li>Gomita multivitam\u00ednica <strong>vegetariana<\/strong>, sin OMG (2), sin gelatina y sin gluten<\/li>\n<li>Para ni\u00f1os de 4 a\u00f1os de edad y mayores: d\u00e9 un multivitam\u00ednico gomoso diariamente con comida<\/li>\n<li>Centrum ha sido respaldado por la ciencia durante m\u00e1s de 40 a\u00f1os para ofrecer suplementos en los que puede confiar<\/li>\n<\/ul>\n<\/div>\n<\/div>\n<\/div>\n<\/div>\n<\/div>\n<p>Dosis:\u00a0 Para ni\u00f1os de 4 a\u00f1os y mas, d\u00e9 1 gomita diaria junto a la comida<\/p>\n","protected":false},"excerpt":{"rendered":"<p>Detalles de producto Gomitas multivitam\u00ednicas para ni\u00f1os Las gomitas multivitam\u00ednicas Centrum Kids est\u00e1n formuladas con vitaminas y minerales esenciales en un delicioso sabor a frutas tropicales.<span class=\"excerpt-hellip\"> [\u2026]<\/span><\/p>\n","protected":false},"featured_media":4602,"comment_status":"open","ping_status":"closed","template":"","meta":{"_joinchat":[]},"product_brand":[],"product_cat":[15],"product_tag":[],"class_list":{"0":"post-4601","1":"product","2":"type-product","3":"status-publish","4":"has-post-thumbnail","6":"product_cat-sin-categoria","8":"first","9":"outofstock","10":"shipping-taxable","11":"purchasable","12":"product-type-simple"},"_links":{"self":[{"href":"https:\/\/ofertasimportadas.cl\/index.php\/wp-json\/wp\/v2\/product\/4601","targetHints":{"allow":["GET"]}}],"collection":[{"href":"https:\/\/ofertasimportadas.cl\/index.php\/wp-json\/wp\/v2\/product"}],"about":[{"href":"https:\/\/ofertasimportadas.cl\/index.php\/wp-json\/wp\/v2\/types\/product"}],"replies":[{"embeddable":true,"href":"https:\/\/ofertasimportadas.cl\/index.php\/wp-json\/wp\/v2\/comments?post=4601"}],"wp:featuredmedia":[{"embeddable":true,"href":"https:\/\/ofertasimportadas.cl\/index.php\/wp-json\/wp\/v2\/media\/4602"}],"wp:attachment":[{"href":"https:\/\/ofertasimportadas.cl\/index.php\/wp-json\/wp\/v2\/media?parent=4601"}],"wp:term":[{"taxonomy":"product_brand","embeddable":true,"href":"https:\/\/ofertasimportadas.cl\/index.php\/wp-json\/wp\/v2\/product_brand?post=4601"},{"taxonomy":"product_cat","embeddable":true,"href":"https:\/\/ofertasimportadas.cl\/index.php\/wp-json\/wp\/v2\/product_cat?post=4601"},{"taxonomy":"product_tag","embeddable":true,"href":"https:\/\/ofertasimportadas.cl\/index.php\/wp-json\/wp\/v2\/product_tag?post=4601"}],"curies":[{"name":"wp","href":"https:\/\/api.w.org\/{rel}","templated":true}]}}