{"id":4681,"date":"2023-03-01T17:01:05","date_gmt":"2023-03-01T20:01:05","guid":{"rendered":"https:\/\/ofertasimportadas.cl\/?post_type=product&#038;p=4681"},"modified":"2026-04-12T09:32:30","modified_gmt":"2026-04-12T12:32:30","slug":"multivitaminico-kirkland-signature-childrens-160-gomitas","status":"publish","type":"product","link":"https:\/\/ofertasimportadas.cl\/index.php\/producto\/multivitaminico-kirkland-signature-childrens-160-gomitas\/","title":{"rendered":"Multivitaminico Children&#8217;s Kirkland  160 gomitas"},"content":{"rendered":"<p>Las gomitas multivitam\u00ednicas para ni\u00f1os de Kirkland Signature\u2122 son una f\u00f3rmula perfectamente equilibrada de vitaminas y minerales clave para apoyar el crecimiento y desarrollo saludables de los ni\u00f1os. A su hijo le encantar\u00e1n los deliciosos sabores de naranja, cereza y manzana verde, y puede sentirse bien sabiendo que solo usamos ingredientes naturales. sabores de frutas.<\/p>\n<p><strong>Salud inmune<\/strong><\/p>\n<p>Las vitaminas A, C y D y el mineral zinc est\u00e1n todos incluidos en esta f\u00f3rmula para apoyar la salud inmunol\u00f3gica. La vitamina C es importante para la producci\u00f3n y el funcionamiento normales de los gl\u00f3bulos blancos. La vitamina D tambi\u00e9n parece ayudar con la regulaci\u00f3n de estas c\u00e9lulas. Los gl\u00f3bulos blancos son una parte importante del sistema inmunitario que se encuentran en todo el cuerpo en la sangre y la linfa. La vitamina A est\u00e1 involucrada en la regulaci\u00f3n de elementos importantes de la respuesta inmunitaria y contribuye a la barrera f\u00edsica de defensa del cuerpo al apoyar la integridad de las v\u00edas respiratorias, gastrointestinales y urinarias. El mineral zinc tambi\u00e9n se incluye debido a su importante papel en la funci\u00f3n inmunitaria. funci\u00f3n. Las gomitas multivitam\u00ednicas para ni\u00f1os ofrecen el apoyo inmunitario para mantener a su hijo en su mejor estado de salud durante todo el a\u00f1o.<\/p>\n<p><strong>Metabolismo energ\u00e9tico<\/strong><\/p>\n<p>Esta f\u00f3rmula tambi\u00e9n contiene nutrientes esenciales para apoyar el metabolismo energ\u00e9tico.\u00a0Las vitaminas B incluyen niacina, vitamina B-6, \u00e1cido f\u00f3lico, vitamina B-12, biotina y \u00e1cido pantot\u00e9nico.\u00a0Son un grupo de vitaminas solubles en agua que funcionan bien juntas para respaldar la salud del sistema nervioso. Las vitaminas del complejo B promueven el metabolismo energ\u00e9tico y cada nutriente desempe\u00f1a un papel \u00fanico en el mantenimiento del funcionamiento metab\u00f3lico adecuado. Las vitaminas B son solubles en agua, lo que significa que se disuelven f\u00e1cilmente en agua pero no se pueden almacenar f\u00e1cilmente en el cuerpo. Es importante reponer las vitaminas hidrosolubles todos los d\u00edas.\u00a0El yodo es un oligoelemento que es un componente esencial de la hormona tiroidea.\u00a0La hormona tiroidea juega un papel clave en el crecimiento, el desarrollo y los procesos metab\u00f3licos.\u00a0El yodo es tan importante para un crecimiento y desarrollo saludables,\u00a0el Council for Responsible Nutrition recomienda incluir al menos 150 mcg de yodo en todos los suplementos multivitam\u00ednicos. La RDA para ni\u00f1os oscila entre 90 y 150 mcg\/d\u00eda seg\u00fan el sexo y la edad. Las fuentes diet\u00e9ticas de yodo incluyen sal yodada, pescado, camarones y huevos.<\/p>\n<p>MyPlate del USDA recomienda llenar la mitad de su plato con frutas y verduras.\u00a0Estos dos grupos de alimentos est\u00e1n estresados ??por sus altos niveles de vitaminas, minerales y otros nutrientes importantes.\u00a0Las verduras se clasifican adem\u00e1s en cinco subgrupos: verduras de color verde oscuro, verduras con almid\u00f3n, verduras rojas y anaranjadas, frijoles y guisantes, y otras verduras, y es importante obtener una amplia variedad de cada subgrupo para satisfacer sus necesidades nutricionales. Pero a veces lograr que los quisquillosos para comer obtengan una amplia variedad de alimentos saludables puede parecer imposible. Ah\u00ed es donde entran las gomitas multivitam\u00ednicas para ni\u00f1os de Kirkland Signature\u2122. Nada puede reemplazar la importancia de una dieta saludable, pero estas gomitas est\u00e1n formuladas para ayudar a llenar los vac\u00edos de nutrientes que su hijo no puede obtener solo de los alimentos.<\/p>\n<p><strong>USO SUGERIDO:<\/strong>\u00a0Ni\u00f1os de 2 y 3 a\u00f1os: masticar una (1) gominola al d\u00eda, Ni\u00f1os de 4 a\u00f1os en adelante: masticar dos (2) gomitas al d\u00eda.<\/p>\n<p>&nbsp;<\/p>\n","protected":false},"excerpt":{"rendered":"<p>Las gomitas multivitam\u00ednicas para ni\u00f1os de Kirkland Signature\u2122 son una f\u00f3rmula perfectamente equilibrada de vitaminas y minerales clave para apoyar el crecimiento y desarrollo saludables de<span class=\"excerpt-hellip\"> [\u2026]<\/span><\/p>\n","protected":false},"featured_media":4688,"comment_status":"open","ping_status":"closed","template":"","meta":{"_joinchat":[]},"product_brand":[],"product_cat":[100,90,101,91],"product_tag":[],"class_list":{"0":"post-4681","1":"product","2":"type-product","3":"status-publish","4":"has-post-thumbnail","6":"product_cat-multivitaminico","7":"product_cat-ninos","8":"product_cat-todos-los-productos","9":"product_cat-vitaminas-ninos","11":"first","12":"instock","13":"shipping-taxable","14":"purchasable","15":"product-type-simple"},"_links":{"self":[{"href":"https:\/\/ofertasimportadas.cl\/index.php\/wp-json\/wp\/v2\/product\/4681","targetHints":{"allow":["GET"]}}],"collection":[{"href":"https:\/\/ofertasimportadas.cl\/index.php\/wp-json\/wp\/v2\/product"}],"about":[{"href":"https:\/\/ofertasimportadas.cl\/index.php\/wp-json\/wp\/v2\/types\/product"}],"replies":[{"embeddable":true,"href":"https:\/\/ofertasimportadas.cl\/index.php\/wp-json\/wp\/v2\/comments?post=4681"}],"wp:featuredmedia":[{"embeddable":true,"href":"https:\/\/ofertasimportadas.cl\/index.php\/wp-json\/wp\/v2\/media\/4688"}],"wp:attachment":[{"href":"https:\/\/ofertasimportadas.cl\/index.php\/wp-json\/wp\/v2\/media?parent=4681"}],"wp:term":[{"taxonomy":"product_brand","embeddable":true,"href":"https:\/\/ofertasimportadas.cl\/index.php\/wp-json\/wp\/v2\/product_brand?post=4681"},{"taxonomy":"product_cat","embeddable":true,"href":"https:\/\/ofertasimportadas.cl\/index.php\/wp-json\/wp\/v2\/product_cat?post=4681"},{"taxonomy":"product_tag","embeddable":true,"href":"https:\/\/ofertasimportadas.cl\/index.php\/wp-json\/wp\/v2\/product_tag?post=4681"}],"curies":[{"name":"wp","href":"https:\/\/api.w.org\/{rel}","templated":true}]}}