{"id":5192,"date":"2023-07-06T14:50:06","date_gmt":"2023-07-06T17:50:06","guid":{"rendered":"https:\/\/ofertasimportadas.cl\/?post_type=product&#038;p=5192"},"modified":"2026-04-14T00:21:51","modified_gmt":"2026-04-14T03:21:51","slug":"melatonina-masticable-sabor-frutilla-spring-valley-3mg","status":"publish","type":"product","link":"https:\/\/ofertasimportadas.cl\/index.php\/producto\/melatonina-masticable-sabor-frutilla-spring-valley-3mg\/","title":{"rendered":"Melatonina Masticable sabor frutilla Spring Valley 3mg"},"content":{"rendered":"<div class=\"expand-collapse-header flex justify-between items-center w-100\">\n<h3 class=\"w-100 ma0 pa3 f5 lh-copy normal\">Detalles de producto<\/h3>\n<div class=\"pr2\"><\/div>\n<\/div>\n<div class=\"w_rNem expand-collapse-content\">\n<div class=\"ph3 pb4 pt1\">\n<div class=\"nb3\" data-testid=\"product-description-content\">\n<div class=\"mb3\">\n<div class=\"dangerous-html mb3\">\n<p>Descanse tranquilo con nuestros suplementos diet\u00e9ticos de melatonina de disoluci\u00f3n r\u00e1pida de Spring Valley.\u00a0La melatonina ayuda a regular los ciclos de sue\u00f1o y vigilia y puede contribuir a un sue\u00f1o m\u00e1s reparador.* La porci\u00f3n sugerida para adultos es una tableta con sabor a fresa de disoluci\u00f3n r\u00e1pida, 20 minutos antes de acostarse.\u00a0Estos complementos alimenticios no contienen gluten, trigo, leche, huevos, pescado, crust\u00e1ceos, frutos secos, cacahuetes, soja ni levadura.\u00a0Son 100% vegetarianos y est\u00e1n libres de colorantes y conservantes artificiales.\u00a0Puede estar seguro de que los suplementos diet\u00e9ticos de melatonina de disoluci\u00f3n r\u00e1pida de Spring Valley se producen con estrictas pautas de calidad y est\u00e1n respaldados por nuestra garant\u00eda de calidad.<\/p>\n<p>Spring Valley entiende que vivir un estilo de vida saludable y equilibrado es la clave para ser lo mejor posible.\u00a0Con una gama asequible de productos inspirados en la naturaleza, Spring Valley apoya la salud y el bienestar hol\u00edstico de usted y su familia.<\/p>\n<\/div>\n<ul>\n<li>Spring Valley Tabletas de suplemento diet\u00e9tico de melatonina de disoluci\u00f3n r\u00e1pida, 3 mg, 120 unidades<\/li>\n<li>Suplemento diet\u00e9tico de apoyo al sue\u00f1o<\/li>\n<li>3 mg de melatonina por tableta<\/li>\n<li>Tabletas de disoluci\u00f3n r\u00e1pida<\/li>\n<li>sabor a fresa<\/li>\n<li>100% vegetariano<\/li>\n<li>Sin gluten, trigo, leche, huevos, pescado, crust\u00e1ceos, frutos secos, cacahuetes, soja o levadura<\/li>\n<li>Sin colorantes ni conservantes artificiales.<\/li>\n<li>120 tabletas por botella<\/li>\n<\/ul>\n<div class=\"mv0 lh-copy f6 mid-gray\">No destinado a personas menores de 12 a\u00f1os.\u00a0Este producto no est\u00e1 dise\u00f1ado para tratar el insomnio u otros trastornos del sue\u00f1o.\u00a0Consulte a un m\u00e9dico antes de usar este producto si es menor de 18 a\u00f1os, toma medicamentos, tiene alguna condici\u00f3n m\u00e9dica, est\u00e1 embarazada o amamantando, tiene una condici\u00f3n autoinmune o trastorno depresivo.\u00a0La melatonina puede causar somnolencia o somnolencia, no la tome mientras conduce u opera maquinaria pesada, o consume alcohol.\u00a0Si se producen reacciones adversas, suspenda su uso.\u00a0Solo para uso ocasional a corto plazo.\u00a0Use solo como se indica y no exceda la dosis sugerida.\u00a0Este producto nunca debe sustituir las pr\u00e1cticas saludables de sue\u00f1o.?<\/div>\n<\/div>\n<div>\n<div class=\"pb2\">\n<h3 class=\"flex items-center mv0 lh-copy f5 pb1 dark-gray\">Dosis<\/h3>\n<div class=\"mv0 lh-copy f6 mid-gray\">Uso sugerido: adultos, tome 1 tableta 20 minutos antes de acostarse.\u00a0Para mejores resultados, permita que una tableta se disuelva en la boca antes de tragarla.\u00a0No se necesita agua.<\/div>\n<\/div>\n<div class=\"\">\n<h3 class=\"flex items-center mv0 lh-copy f5 pb1 dark-gray\">Instrucciones<\/h3>\n<div class=\"mv0 lh-copy f6 mid-gray\">ADVERTENCIA: Las mujeres embarazadas o lactantes, las personas que toman medicamentos o las personas que tienen una condici\u00f3n de salud deben consultar a su m\u00e9dico antes de usar este producto.\u00a0Suspenda su uso y consulte a su m\u00e9dico si se produce alguna reacci\u00f3n adversa.\u00a0No lo tome mientras opera maquinaria o conduce un veh\u00edculo.\u00a0**MANTENER FUERA DEL ALCANCE DE LOS NI\u00d1OS.\u00a0**PARA SU PROTECCI\u00d3N, NO UTILICE SI EL SELLO DEBAJO DE LA TAPA EST\u00c1 ROTO O FALTA.<\/div>\n<\/div>\n<\/div>\n<\/div>\n<\/div>\n<\/div>\n","protected":false},"excerpt":{"rendered":"<p>Detalles de producto Descanse tranquilo con nuestros suplementos diet\u00e9ticos de melatonina de disoluci\u00f3n r\u00e1pida de Spring Valley.\u00a0La melatonina ayuda a regular los ciclos de sue\u00f1o y<span class=\"excerpt-hellip\"> [\u2026]<\/span><\/p>\n","protected":false},"featured_media":5193,"comment_status":"open","ping_status":"closed","template":"","meta":{"_joinchat":[]},"product_brand":[],"product_cat":[84,75,26,27,101],"product_tag":[],"class_list":{"0":"post-5192","1":"product","2":"type-product","3":"status-publish","4":"has-post-thumbnail","6":"product_cat-melatonina-vitaminas-para-ellos","7":"product_cat-melatonina","8":"product_cat-para-ellas","9":"product_cat-para-ellos","10":"product_cat-todos-los-productos","12":"first","13":"instock","14":"shipping-taxable","15":"purchasable","16":"product-type-simple"},"_links":{"self":[{"href":"https:\/\/ofertasimportadas.cl\/index.php\/wp-json\/wp\/v2\/product\/5192","targetHints":{"allow":["GET"]}}],"collection":[{"href":"https:\/\/ofertasimportadas.cl\/index.php\/wp-json\/wp\/v2\/product"}],"about":[{"href":"https:\/\/ofertasimportadas.cl\/index.php\/wp-json\/wp\/v2\/types\/product"}],"replies":[{"embeddable":true,"href":"https:\/\/ofertasimportadas.cl\/index.php\/wp-json\/wp\/v2\/comments?post=5192"}],"wp:featuredmedia":[{"embeddable":true,"href":"https:\/\/ofertasimportadas.cl\/index.php\/wp-json\/wp\/v2\/media\/5193"}],"wp:attachment":[{"href":"https:\/\/ofertasimportadas.cl\/index.php\/wp-json\/wp\/v2\/media?parent=5192"}],"wp:term":[{"taxonomy":"product_brand","embeddable":true,"href":"https:\/\/ofertasimportadas.cl\/index.php\/wp-json\/wp\/v2\/product_brand?post=5192"},{"taxonomy":"product_cat","embeddable":true,"href":"https:\/\/ofertasimportadas.cl\/index.php\/wp-json\/wp\/v2\/product_cat?post=5192"},{"taxonomy":"product_tag","embeddable":true,"href":"https:\/\/ofertasimportadas.cl\/index.php\/wp-json\/wp\/v2\/product_tag?post=5192"}],"curies":[{"name":"wp","href":"https:\/\/api.w.org\/{rel}","templated":true}]}}