{"id":5422,"date":"2023-09-03T21:32:45","date_gmt":"2023-09-04T00:32:45","guid":{"rendered":"https:\/\/ofertasimportadas.cl\/?post_type=product&#038;p=5422"},"modified":"2025-12-27T15:44:35","modified_gmt":"2025-12-27T18:44:35","slug":"centrum-multigummies-silver-men-50-anos","status":"publish","type":"product","link":"https:\/\/ofertasimportadas.cl\/index.php\/producto\/centrum-multigummies-silver-men-50-anos\/","title":{"rendered":"Centrum Multigummies Silver Men +50 a\u00f1os"},"content":{"rendered":"<div class=\"mb3\">\n<div class=\"dangerous-html mb3\">\n<div>\n<h2>Suplemento diario de gomitas multivitam\u00ednicas para hombres mayores de 50 a\u00f1os<\/h2>\n<p>Son un delicioso suplemento multivitam\u00ednico\/multimineral especialmente formulado para satisfacer las necesidades de los hombres de 50 a\u00f1os en adelante. Estas gomitas multivitam\u00ednicas proporcionan el 100% o m\u00e1s del valor diario recomendado de vitamina D3, E, B6, B12 y biotina. Cada d\u00f3sis contiene vitaminas B y zinc, que proporcionan nutrientes para la salud del coraz\u00f3n y del cerebro. Este suplemento multivitam\u00ednico en gomitas tambi\u00e9n contiene vitaminas D y B6 para ayudar a respaldar la funci\u00f3n muscular y vitaminas para la salud ocular, como las vitaminas A, C y E (1). Estas gomitas vitam\u00ednicas est\u00e1n hechas con sabores de frutas naturales y sin edulcorantes artificiales.<\/p>\n<p>Complementa tu nutrici\u00f3n tomando dos gomitas todos los d\u00edas con o sin comida o agua.<\/p>\n<p>Alimente sus c\u00e9lulas y alimente su vida con Centrum, la marca n\u00famero uno recomendada por m\u00e9dicos y farmac\u00e9uticos. Este producto no est\u00e1 destinado a diagnosticar, tratar, curar o prevenir ninguna enfermedad. (2) No reemplaza los medicamentos para reducir el colesterol.<\/p>\n<\/div>\n<\/div>\n<\/div>\n<div class=\"mb3\">\n<div class=\"dangerous-html mb3\">\n<ul>\n<li>80 Centrum MultiGummies con sabor a fruta para hombresmayores de\u00a0 50 a\u00f1os con vitaminas D3, E, B6 y B12<\/li>\n<li>Multivitaminas senior para hombres, especialmente formuladas para apoyar la salud de todo el cuerpo<\/li>\n<li>Nutrientes para la salud de los ojos, los m\u00fasculos, el cerebro y el coraz\u00f3n (1, 2) que proporcionan el 100 % o m\u00e1s del valor diario recomendado de vitaminas D3, E, B6, B12 y biotina.<\/li>\n<li>Multivitaminas para hombres mayores de 50 a\u00f1os con vitaminas A, C, D y E, as\u00ed como vitaminas B y zinc<\/li>\n<li>Gomitas multivitam\u00ednicas para hombres elaboradas con sabores de frutas naturales y sin edulcorantes artificiales.<\/li>\n<li>Gomitas multivitam\u00ednicas para hombres disponibles en una forma f\u00e1cil de tomar<\/li>\n<li>Complementa tu nutrici\u00f3n tomando dos de estas vitaminas para hombres mayores todos los d\u00edas, con o sin comida o agua.<\/li>\n<\/ul>\n<\/div>\n<\/div>\n","protected":false},"excerpt":{"rendered":"<p>Suplemento diario de gomitas multivitam\u00ednicas para hombres mayores de 50 a\u00f1os Son un delicioso suplemento multivitam\u00ednico\/multimineral especialmente formulado para satisfacer las necesidades de los hombres de<span class=\"excerpt-hellip\"> [\u2026]<\/span><\/p>\n","protected":false},"featured_media":5427,"comment_status":"open","ping_status":"closed","template":"","meta":{"_joinchat":[]},"product_brand":[],"product_cat":[67,82,27,101,81],"product_tag":[],"class_list":{"0":"post-5422","1":"product","2":"type-product","3":"status-publish","4":"has-post-thumbnail","6":"product_cat-destacados","7":"product_cat-multivitaminicos-vitaminas-para-ellos","8":"product_cat-para-ellos","9":"product_cat-todos-los-productos","10":"product_cat-vitaminas-para-ellos","12":"first","13":"outofstock","14":"shipping-taxable","15":"purchasable","16":"product-type-simple"},"_links":{"self":[{"href":"https:\/\/ofertasimportadas.cl\/index.php\/wp-json\/wp\/v2\/product\/5422","targetHints":{"allow":["GET"]}}],"collection":[{"href":"https:\/\/ofertasimportadas.cl\/index.php\/wp-json\/wp\/v2\/product"}],"about":[{"href":"https:\/\/ofertasimportadas.cl\/index.php\/wp-json\/wp\/v2\/types\/product"}],"replies":[{"embeddable":true,"href":"https:\/\/ofertasimportadas.cl\/index.php\/wp-json\/wp\/v2\/comments?post=5422"}],"wp:featuredmedia":[{"embeddable":true,"href":"https:\/\/ofertasimportadas.cl\/index.php\/wp-json\/wp\/v2\/media\/5427"}],"wp:attachment":[{"href":"https:\/\/ofertasimportadas.cl\/index.php\/wp-json\/wp\/v2\/media?parent=5422"}],"wp:term":[{"taxonomy":"product_brand","embeddable":true,"href":"https:\/\/ofertasimportadas.cl\/index.php\/wp-json\/wp\/v2\/product_brand?post=5422"},{"taxonomy":"product_cat","embeddable":true,"href":"https:\/\/ofertasimportadas.cl\/index.php\/wp-json\/wp\/v2\/product_cat?post=5422"},{"taxonomy":"product_tag","embeddable":true,"href":"https:\/\/ofertasimportadas.cl\/index.php\/wp-json\/wp\/v2\/product_tag?post=5422"}],"curies":[{"name":"wp","href":"https:\/\/api.w.org\/{rel}","templated":true}]}}