{"id":6233,"date":"2024-03-20T17:39:44","date_gmt":"2024-03-20T20:39:44","guid":{"rendered":"https:\/\/ofertasimportadas.cl\/?post_type=product&#038;p=6233"},"modified":"2025-04-11T00:18:04","modified_gmt":"2025-04-11T03:18:04","slug":"vitafusion-multivites-unisex-260-gomitas","status":"publish","type":"product","link":"https:\/\/ofertasimportadas.cl\/index.php\/producto\/vitafusion-multivites-unisex-260-gomitas\/","title":{"rendered":"Vitafusion MultiVites Unisex 260 Gomitas"},"content":{"rendered":"<pre class=\"tw-data-text tw-text-large tw-ta\" dir=\"ltr\" data-placeholder=\"Traducci\u00f3n\" aria-label=\"Texto traducido\" data-ved=\"2ahUKEwjJtIvh14OFAxXTKrkGHeKYBIEQ3ewLegQIBRAU\"><span class=\"Y2IQFc\" lang=\"es\">Vitafusion\u2122 MultiVites son  deliciosas gomitas multivitam\u00ednicas que proporcionan diariamente una \r\nfusi\u00f3n de vitaminas esenciales, minerales y deliciosos sabores a frutas. \u00a1Cada porci\u00f3n de dos \r\ngomitas tiene un gran valor, con tanta vitamina A como una taza de br\u00f3coli, tanta vitamina C \r\ncomo una mandarina y tanta vitamina D como cinco onzas de salm\u00f3n!\r\n<\/span><\/pre>\n<pre id=\"tw-target-text\" class=\"tw-data-text tw-text-large tw-ta\" dir=\"ltr\" data-placeholder=\"Traducci\u00f3n\" aria-label=\"Texto traducido\" data-ved=\"2ahUKEwjJtIvh14OFAxXTKrkGHeKYBIEQ3ewLegQIBRAU\"><span class=\"Y2IQFc\" lang=\"es\">vitamina a\r\nProporciona soporte para los ojos.*\r\n\r\nVitamina C\r\nLa vitamina C, tambi\u00e9n conocida como \u00e1cido asc\u00f3rbico, es un antioxidante soluble en agua que respalda la salud inmunol\u00f3gica y la formaci\u00f3n de col\u00e1geno.* Se encuentra en los c\u00edtricos y otras frutas, verduras y alimentos fortificados.\r\n\r\nVitamina D\r\nLa vitamina D, una vitamina liposoluble tambi\u00e9n conocida como la \u201cvitamina del sol\u201d, ayuda con la absorci\u00f3n de calcio y respalda la salud muscular y la salud inmunol\u00f3gica.*\r\n\r\nvitamina e\r\nLa vitamina E es un antioxidante liposoluble que ayuda a proteger las c\u00e9lulas del da\u00f1o oxidativo.*\r\n\r\nVitamina B6\r\nLa vitamina B6 ayuda a convertir los alimentos en energ\u00eda celular* y se puede encontrar en la carne, el pescado, los garbanzos y los cereales fortificados.\r\n\r\nfolato\r\nLa vitamina B9, o folato, es importante para que las c\u00e9lulas se dividan.* Se puede encontrar en el h\u00edgado de res, verduras, frutas y jugos de frutas, nueces, frijoles, guisantes y alimentos enriquecidos (pan, harina) y fortificados (cereales para el desayuno). .\r\n\r\nVitamina B12\r\nLa vitamina B12 ayuda a convertir los alimentos en energ\u00eda celular y apoya la formaci\u00f3n de sangre y la salud de las c\u00e9lulas nerviosas.* Se encuentra principalmente en alimentos de origen animal (pescado, carne, aves, huevos) y tambi\u00e9n se puede encontrar en alimentos fortificados (cereales para el desayuno).\r\n\r\nBiotina\r\nUna vitamina esencial soluble en agua que es necesaria para el metabolismo de los carbohidratos, las grasas y las prote\u00ednas.*\r\n\r\n\u00c1cido pantot\u00e9nico\r\nTambi\u00e9n conocido como vitamina B5, el \u00e1cido pantot\u00e9nico, como todas las vitaminas B, ayuda a convertir los carbohidratos en glucosa, que el cuerpo utiliza como energ\u00eda.*\r\n\r\nSodio\r\nEl sodio es un mineral y un electrolito importante.<\/span><\/pre>\n<pre id=\"tw-target-text\" class=\"tw-data-text tw-text-large tw-ta\" dir=\"ltr\" data-placeholder=\"Traducci\u00f3n\" aria-label=\"Texto traducido\" data-ved=\"2ahUKEwjJtIvh14OFAxXTKrkGHeKYBIEQ3ewLegQIBRAU\"><span class=\"Y2IQFc\" lang=\"es\">\u00a0<\/span><\/pre>\n","protected":false},"excerpt":{"rendered":"<p>Vitafusion\u2122 MultiVites son deliciosas gomitas multivitam\u00ednicas que proporcionan diariamente una fusi\u00f3n de vitaminas esenciales, minerales y deliciosos sabores a frutas. \u00a1Cada porci\u00f3n de dos gomitas tiene<span class=\"excerpt-hellip\"> [\u2026]<\/span><\/p>\n","protected":false},"featured_media":6234,"comment_status":"open","ping_status":"closed","template":"","meta":{"_joinchat":[]},"product_brand":[],"product_cat":[67,82,73,26,27,101,70],"product_tag":[],"class_list":{"0":"post-6233","1":"product","2":"type-product","3":"status-publish","4":"has-post-thumbnail","6":"product_cat-destacados","7":"product_cat-multivitaminicos-vitaminas-para-ellos","8":"product_cat-multivitaminicos","9":"product_cat-para-ellas","10":"product_cat-para-ellos","11":"product_cat-todos-los-productos","12":"product_cat-vitaminas","14":"first","15":"outofstock","16":"shipping-taxable","17":"purchasable","18":"product-type-simple"},"_links":{"self":[{"href":"https:\/\/ofertasimportadas.cl\/index.php\/wp-json\/wp\/v2\/product\/6233","targetHints":{"allow":["GET"]}}],"collection":[{"href":"https:\/\/ofertasimportadas.cl\/index.php\/wp-json\/wp\/v2\/product"}],"about":[{"href":"https:\/\/ofertasimportadas.cl\/index.php\/wp-json\/wp\/v2\/types\/product"}],"replies":[{"embeddable":true,"href":"https:\/\/ofertasimportadas.cl\/index.php\/wp-json\/wp\/v2\/comments?post=6233"}],"wp:featuredmedia":[{"embeddable":true,"href":"https:\/\/ofertasimportadas.cl\/index.php\/wp-json\/wp\/v2\/media\/6234"}],"wp:attachment":[{"href":"https:\/\/ofertasimportadas.cl\/index.php\/wp-json\/wp\/v2\/media?parent=6233"}],"wp:term":[{"taxonomy":"product_brand","embeddable":true,"href":"https:\/\/ofertasimportadas.cl\/index.php\/wp-json\/wp\/v2\/product_brand?post=6233"},{"taxonomy":"product_cat","embeddable":true,"href":"https:\/\/ofertasimportadas.cl\/index.php\/wp-json\/wp\/v2\/product_cat?post=6233"},{"taxonomy":"product_tag","embeddable":true,"href":"https:\/\/ofertasimportadas.cl\/index.php\/wp-json\/wp\/v2\/product_tag?post=6233"}],"curies":[{"name":"wp","href":"https:\/\/api.w.org\/{rel}","templated":true}]}}