{"id":6982,"date":"2024-07-13T17:32:23","date_gmt":"2024-07-13T20:32:23","guid":{"rendered":"https:\/\/ofertasimportadas.cl\/?post_type=product&#038;p=6982"},"modified":"2026-03-29T22:10:59","modified_gmt":"2026-03-30T01:10:59","slug":"ashwagandha-youtheory-1000-mg-180-capsulas-vegetarianas","status":"publish","type":"product","link":"https:\/\/ofertasimportadas.cl\/index.php\/producto\/ashwagandha-youtheory-1000-mg-180-capsulas-vegetarianas\/","title":{"rendered":"Ashwagandha Youtheory 1000 mg, 180 c\u00e1psulas vegetarianas"},"content":{"rendered":"<p>Caracter\u00edsticas:<\/p>\n<ul>\n<li>1000 mg de ashwagandha y 20 mg de extracto de ra\u00edz de jengibre por porci\u00f3n<\/li>\n<li>Desarrollado con KSM-66, el extracto de ashwagandha m\u00e1s estudiado cl\u00ednicamente del mercado<\/li>\n<li>Ayuda a reducir el estr\u00e9s<\/li>\n<li>Ayuda a mantener niveles saludables de cortisol.<\/li>\n<li>Mejora el bienestar mental general<\/li>\n<\/ul>\n<p>Dosis recomendada: 1 o 2 capsulas diarias<\/p>\n","protected":false},"excerpt":{"rendered":"<p>Caracter\u00edsticas: 1000 mg de ashwagandha y 20 mg de extracto de ra\u00edz de jengibre por porci\u00f3n Desarrollado con KSM-66, el extracto de ashwagandha m\u00e1s estudiado cl\u00ednicamente<span class=\"excerpt-hellip\"> [\u2026]<\/span><\/p>\n","protected":false},"featured_media":6987,"comment_status":"open","ping_status":"closed","template":"","meta":{"_joinchat":[]},"product_brand":[],"product_cat":[26,27,101,70,81],"product_tag":[],"class_list":{"0":"post-6982","1":"product","2":"type-product","3":"status-publish","4":"has-post-thumbnail","6":"product_cat-para-ellas","7":"product_cat-para-ellos","8":"product_cat-todos-los-productos","9":"product_cat-vitaminas","10":"product_cat-vitaminas-para-ellos","12":"first","13":"instock","14":"shipping-taxable","15":"purchasable","16":"product-type-simple"},"_links":{"self":[{"href":"https:\/\/ofertasimportadas.cl\/index.php\/wp-json\/wp\/v2\/product\/6982","targetHints":{"allow":["GET"]}}],"collection":[{"href":"https:\/\/ofertasimportadas.cl\/index.php\/wp-json\/wp\/v2\/product"}],"about":[{"href":"https:\/\/ofertasimportadas.cl\/index.php\/wp-json\/wp\/v2\/types\/product"}],"replies":[{"embeddable":true,"href":"https:\/\/ofertasimportadas.cl\/index.php\/wp-json\/wp\/v2\/comments?post=6982"}],"wp:featuredmedia":[{"embeddable":true,"href":"https:\/\/ofertasimportadas.cl\/index.php\/wp-json\/wp\/v2\/media\/6987"}],"wp:attachment":[{"href":"https:\/\/ofertasimportadas.cl\/index.php\/wp-json\/wp\/v2\/media?parent=6982"}],"wp:term":[{"taxonomy":"product_brand","embeddable":true,"href":"https:\/\/ofertasimportadas.cl\/index.php\/wp-json\/wp\/v2\/product_brand?post=6982"},{"taxonomy":"product_cat","embeddable":true,"href":"https:\/\/ofertasimportadas.cl\/index.php\/wp-json\/wp\/v2\/product_cat?post=6982"},{"taxonomy":"product_tag","embeddable":true,"href":"https:\/\/ofertasimportadas.cl\/index.php\/wp-json\/wp\/v2\/product_tag?post=6982"}],"curies":[{"name":"wp","href":"https:\/\/api.w.org\/{rel}","templated":true}]}}