{"id":7096,"date":"2024-07-28T18:39:33","date_gmt":"2024-07-28T21:39:33","guid":{"rendered":"https:\/\/ofertasimportadas.cl\/?post_type=product&#038;p=7096"},"modified":"2025-11-18T15:52:49","modified_gmt":"2025-11-18T18:52:49","slug":"melatonina-calm-6mg-60-gomitas","status":"publish","type":"product","link":"https:\/\/ofertasimportadas.cl\/index.php\/producto\/melatonina-calm-6mg-60-gomitas\/","title":{"rendered":"Melatonina CALM 6mg 60 Gomitas"},"content":{"rendered":"","protected":false},"excerpt":{"rendered":"<div class=\"expand-collapse-header flex justify-between items-center w-100\">\n<h3 class=\"w-100 ma0 pa3 f5 lh-copy normal\" aria-hidden=\"false\"><span>Detalles de producto<\/span><\/h3>\n<div class=\"pr3\"><\/div>\n<\/div>\n<div class=\"w_rNem expand-collapse-content\" data-testid=\"ui-collapse-panel\">\n<div class=\"ph3 pb4 pt1\">\n<div class=\"nb3\" data-testid=\"product-description-content\">\n<div class=\"mb3\">\n<div class=\"dangerous-html mb3\"><span>Mejora tu sue\u00f1o con las gomitas de melatonina Natrol\u00ae Sleep+\u2122 Calm para dormir mejor y calmar la mente.* Natrol\u00ae Sleep+\u2122 Calm ayuda a calmar una mente y un cuerpo activos y facilita el sue\u00f1o.* Estas gomitas no contienen ning\u00fan f\u00e1rmaco, est\u00e1n hechas con ingredientes limpios, sin colorantes sint\u00e9ticos, sabores artificiales ni edulcorantes. Este suplemento para dormir vegetariano, sin gelatina y sin OGM excluye los al\u00e9rgenos alimentarios comunes. Est\u00e1 hecho con melatonina pura al 99 %, L-teanina, manzanilla, lavanda y melisa. Natrol\u00ae Sleep+\u2122 Calm es un complemento para dormir 100 % libre de f\u00e1rmacos para dormir mejor.* Estas gomitas tienen una base de pectina, por lo que son menos pegajosas que las gomitas de gelatina y ofrecen un delicioso sabor a fresa que a todos les encantar\u00e1. Adultos, tomar dos gomitas 30 minutos antes de acostarse. Natrol\u00ae se dedica a crear productos innovadores y de calidad para ayudarle a mantener una buena salud y prosperar en su ajetreado y moderno estilo de vida.<\/span><\/div>\n<\/div>\n<div class=\"mb3\">\n<div class=\"dangerous-html mb3\">\n<ul>\n<li><span>Una botella de 60 gomitas para dormir con sabor a fresa Natrol\u00ae Sleep+\u2122 Calm Melatonin Gummies para un suministro de 30 d\u00edas<\/span><\/li>\n<li><span>Estas gomitas son 100% libres de medicamentos, no transg\u00e9nicas, sin gelatina, vegetarianas y libres de sabores artificiales, edulcorantes o colorantes sint\u00e9ticos.<\/span><\/li>\n<li><span>Los suplementos de melatonina Natrol\u00ae Sleep+\u2122 Calm est\u00e1n elaborados con melatonina 99 % pura, L-teanina, manzanilla, lavanda y melisa.<\/span><\/li>\n<li><span>Adultos, tomar dos gomitas 30 minutos antes de acostarse; este producto es \u00fatil para el insomnio ocasional*<\/span><\/li>\n<\/ul>\n<\/div>\n<\/div>\n<\/div>\n<\/div>\n<\/div>\n","protected":false},"featured_media":7097,"comment_status":"open","ping_status":"closed","template":"","meta":{"_joinchat":[]},"product_brand":[],"product_cat":[15],"product_tag":[],"class_list":{"0":"post-7096","1":"product","2":"type-product","3":"status-publish","4":"has-post-thumbnail","6":"product_cat-sin-categoria","8":"first","9":"outofstock","10":"shipping-taxable","11":"purchasable","12":"product-type-simple"},"_links":{"self":[{"href":"https:\/\/ofertasimportadas.cl\/index.php\/wp-json\/wp\/v2\/product\/7096","targetHints":{"allow":["GET"]}}],"collection":[{"href":"https:\/\/ofertasimportadas.cl\/index.php\/wp-json\/wp\/v2\/product"}],"about":[{"href":"https:\/\/ofertasimportadas.cl\/index.php\/wp-json\/wp\/v2\/types\/product"}],"replies":[{"embeddable":true,"href":"https:\/\/ofertasimportadas.cl\/index.php\/wp-json\/wp\/v2\/comments?post=7096"}],"wp:featuredmedia":[{"embeddable":true,"href":"https:\/\/ofertasimportadas.cl\/index.php\/wp-json\/wp\/v2\/media\/7097"}],"wp:attachment":[{"href":"https:\/\/ofertasimportadas.cl\/index.php\/wp-json\/wp\/v2\/media?parent=7096"}],"wp:term":[{"taxonomy":"product_brand","embeddable":true,"href":"https:\/\/ofertasimportadas.cl\/index.php\/wp-json\/wp\/v2\/product_brand?post=7096"},{"taxonomy":"product_cat","embeddable":true,"href":"https:\/\/ofertasimportadas.cl\/index.php\/wp-json\/wp\/v2\/product_cat?post=7096"},{"taxonomy":"product_tag","embeddable":true,"href":"https:\/\/ofertasimportadas.cl\/index.php\/wp-json\/wp\/v2\/product_tag?post=7096"}],"curies":[{"name":"wp","href":"https:\/\/api.w.org\/{rel}","templated":true}]}}