{"id":8465,"date":"2025-04-10T17:50:37","date_gmt":"2025-04-10T20:50:37","guid":{"rendered":"https:\/\/ofertasimportadas.cl\/?post_type=product&#038;p=8465"},"modified":"2026-05-10T00:19:16","modified_gmt":"2026-05-10T03:19:16","slug":"biotina-10000mcg-250-dosis-sabor-fresa","status":"publish","type":"product","link":"https:\/\/ofertasimportadas.cl\/index.php\/producto\/biotina-10000mcg-250-dosis-sabor-fresa\/","title":{"rendered":"Biotina 10000mcg 250 dosis sabor Fresa"},"content":{"rendered":"<p><strong>Natrol Biotin 10,000 mcg. Tabletas de Disoluci\u00f3n R\u00e1pida, 250 Tabletas.<\/strong><\/p>\n<p>La ventaja de la biotina, una vitamina B tambi\u00e9n conocida como vitamina H o vitamina B7, es que es un nutriente importante no solo para el cabello, la piel y las u\u00f1as, sino tambi\u00e9n para ayudar a convertir los alimentos en energ\u00eda celular.<\/p>\n<p>La tableta Natrol Biotin 10000 mcg de Disoluci\u00f3n R\u00e1pida es conocida por promover un cabello saludable, una piel radiante y u\u00f1as fuertes para quienes tienen niveles bajos de biotina. Viene en un delicioso sabor a fresa y se puede tomar en cualquier momento y lugar. No necesita agua. Se disuelve r\u00e1pidamente y es perfecta para quienes tienen dificultad para tragar vitaminas y suplementos.<\/p>\n<p>Adelante, nutre tu belleza interior con Natrol Biotin Fast Dissolve!<\/p>\n<p><b>Caracter\u00edsticas<\/b><\/p>\n<ul>\n<li>Favorece la salud del cabello, la piel y las u\u00f1as en personas con deficiencia de biotina<\/li>\n<li>Favorece un metabolismo saludable de carbohidratos, grasas y prote\u00ednas<\/li>\n<li>Apoya la producci\u00f3n de energ\u00eda celular<\/li>\n<li>Disoluci\u00f3n 4 veces m\u00e1s r\u00e1pida<\/li>\n<li>Sin az\u00facar<\/li>\n<li>Certificado por la USP<\/li>\n<\/ul>\n<div>\n<p>*&#8211; Verificado por USP: solo los suplementos que cumplen con los rigurosos criterios de prueba, revisi\u00f3n y auditor\u00eda de la USP reciben la marca verificada por USP.<\/p>\n<ul>\n<li>La marca USP verificada en la etiqueta de un suplemento diet\u00e9tico indica que el producto:\n<ul>\n<li>Contiene ingredientes enumerados en la etiqueta en la concentraci\u00f3n y cantidades declaradas.<\/li>\n<li>No contiene niveles nocivos de contaminantes espec\u00edficos, como metales pesados ??y pesticidas.<\/li>\n<li>Se descompondr\u00e1 y disolver\u00e1 dentro de un per\u00edodo de tiempo espec\u00edfico para que los ingredientes diet\u00e9ticos puedan ser liberados y absorbidos por el cuerpo.<\/li>\n<li>Cumple con las Buenas Pr\u00e1cticas de Manufactura de la FDA, utilizando procesos sanitarios y bien controlados.<\/li>\n<\/ul>\n<\/li>\n<li>Si est\u00e1 verificado por UPS, puede confiar en que lo que est\u00e1 en la etiqueta es lo que hay en la botella.<\/li>\n<\/ul>\n<p>Uso sugerido: \u00a0\u00a0Adultos, disuelva 1 tableta en la boca o mastique antes de tragar. No necesita agua.<\/p>\n<p><strong>Informaci\u00f3n suplementaria:<\/strong><\/p>\n<p>Tama\u00f1o de la porci\u00f3n: 1 tableta<br \/>\nPorciones por envase: 250<\/p>\n<p><strong>Ingredientes:<\/strong><\/p>\n<p>Xilitol, goma de celulosa, dextrina, crospovidona, almid\u00f3n alimentario modificado, maltodextrina, \u00e1cido m\u00e1lico, di\u00f3xido de silicio, sabor natural, \u00e1cido este\u00e1rico, extracto de ra\u00edz de remolacha (colorante), estearato de magnesio, \u00e1cido c\u00edtrico.<\/p>\n<p><strong>Contiene: trigo<\/strong><\/p>\n<p><strong>Advertencias:<\/strong><\/p>\n<p>Consulte a un profesional de la salud antes de usar este producto si est\u00e1 embarazada, amamantando, es menor de 18 a\u00f1os, est\u00e1 tomando medicamentos o tiene una condici\u00f3n m\u00e9dica; si ocurren reacciones adversas, suspenda su uso. Durante el uso, informe a su profesional m\u00e9dico que est\u00e1 tomando biotina antes de cualquier prueba de laboratorio. MANTENER FUERA DEL ALCANCE DE LOS NI\u00d1OS. Almacenar en un lugar fresco. No usar si el sello de seguridad est\u00e1 da\u00f1ado o falta.<\/p>\n<p><strong>Estas declaraciones no han sido evaluadas por la Administraci\u00f3n de Alimentos y Medicamentos (FDA). Estos productos no est\u00e1n destinados a diagnosticar, tratar, curar ni prevenir ninguna enfermedad.<\/strong><\/p>\n<\/div>\n","protected":false},"excerpt":{"rendered":"<p>Natrol Biotin 10,000 mcg. Tabletas de Disoluci\u00f3n R\u00e1pida, 250 Tabletas. La ventaja de la biotina, una vitamina B tambi\u00e9n conocida como vitamina H o vitamina B7,<span class=\"excerpt-hellip\"> [\u2026]<\/span><\/p>\n","protected":false},"featured_media":8466,"comment_status":"open","ping_status":"closed","template":"","meta":{"_joinchat":[]},"product_brand":[],"product_cat":[80,88,67,26,27,101,81,70],"product_tag":[],"class_list":{"0":"post-8465","1":"product","2":"type-product","3":"status-publish","4":"has-post-thumbnail","6":"product_cat-biotina","7":"product_cat-biotina-vitaminas-para-ellos","8":"product_cat-destacados","9":"product_cat-para-ellas","10":"product_cat-para-ellos","11":"product_cat-todos-los-productos","12":"product_cat-vitaminas-para-ellos","13":"product_cat-vitaminas","15":"first","16":"outofstock","17":"shipping-taxable","18":"purchasable","19":"product-type-simple"},"_links":{"self":[{"href":"https:\/\/ofertasimportadas.cl\/index.php\/wp-json\/wp\/v2\/product\/8465","targetHints":{"allow":["GET"]}}],"collection":[{"href":"https:\/\/ofertasimportadas.cl\/index.php\/wp-json\/wp\/v2\/product"}],"about":[{"href":"https:\/\/ofertasimportadas.cl\/index.php\/wp-json\/wp\/v2\/types\/product"}],"replies":[{"embeddable":true,"href":"https:\/\/ofertasimportadas.cl\/index.php\/wp-json\/wp\/v2\/comments?post=8465"}],"wp:featuredmedia":[{"embeddable":true,"href":"https:\/\/ofertasimportadas.cl\/index.php\/wp-json\/wp\/v2\/media\/8466"}],"wp:attachment":[{"href":"https:\/\/ofertasimportadas.cl\/index.php\/wp-json\/wp\/v2\/media?parent=8465"}],"wp:term":[{"taxonomy":"product_brand","embeddable":true,"href":"https:\/\/ofertasimportadas.cl\/index.php\/wp-json\/wp\/v2\/product_brand?post=8465"},{"taxonomy":"product_cat","embeddable":true,"href":"https:\/\/ofertasimportadas.cl\/index.php\/wp-json\/wp\/v2\/product_cat?post=8465"},{"taxonomy":"product_tag","embeddable":true,"href":"https:\/\/ofertasimportadas.cl\/index.php\/wp-json\/wp\/v2\/product_tag?post=8465"}],"curies":[{"name":"wp","href":"https:\/\/api.w.org\/{rel}","templated":true}]}}