{"id":8501,"date":"2025-04-11T17:36:38","date_gmt":"2025-04-11T20:36:38","guid":{"rendered":"https:\/\/ofertasimportadas.cl\/?post_type=product&#038;p=8501"},"modified":"2026-05-12T10:45:27","modified_gmt":"2026-05-12T13:45:27","slug":"krill-oil-500mg-omega3epadha-y-astaxanthin-180-dosis","status":"publish","type":"product","link":"https:\/\/ofertasimportadas.cl\/index.php\/producto\/krill-oil-500mg-omega3epadha-y-astaxanthin-180-dosis\/","title":{"rendered":"Krill Oil 500mg + Omega3,EPA,DHA y Astaxanthin 180 Dosis"},"content":{"rendered":"<p><strong><span>Aceite de Krill Kirkland Signature 500 mg, 180 c\u00e1psulas blandas<\/span><\/strong><br \/>\n<span>Cuide su coraz\u00f3n con solo una c\u00e1psula blanda al d\u00eda de aceite de krill ant\u00e1rtico 100 %. Esta f\u00f3rmula de alta calidad est\u00e1 dise\u00f1ada para una absorci\u00f3n superior, ayudando a su cuerpo a aprovechar al m\u00e1ximo cada dosis. Adem\u00e1s, cuenta con la certificaci\u00f3n USP, lo que garantiza una calidad y pureza en las que puede confiar.\u00a0<\/span><\/p>\n<p><span>Sin pastillas voluminosas ni complicaciones: solo un apoyo simple y eficaz para su coraz\u00f3n. Simplifique su rutina de bienestar con un producto que funciona para usted.<\/span><\/p>\n<p><strong><span>Caracter\u00edsticas:<\/span><\/strong><\/p>\n<ul>\n<li><span>Ayuda a mantener un coraz\u00f3n sano*<\/span><\/li>\n<li><span>Una c\u00e1psula blanda al d\u00eda<\/span><\/li>\n<li><span>Contiene \u00e1cidos grasos omega-3, fosfol\u00edpidos y astaxantina.<\/span><\/li>\n<li><span>De 100% aceite de krill ant\u00e1rtico<\/span><\/li>\n<li><span>USP verificado**<\/span><\/li>\n<\/ul>\n<p><strong><span>Uso sugerido<\/span><\/strong><span>\u00a0: Tome 1 c\u00e1psula blanda al d\u00eda, preferiblemente con una comida.<\/span><\/p>\n<p><strong><span>Ingredientes:<\/span><\/strong><br \/>\n<span>Aceite de krill (Euphausia superba) (500 mg), colesterol (10 mg), \u00e1cidos grasos omega-3 (120 mg), \u00e1cido eicosapentaenoico (EPA) (60 mg), \u00e1cido docosahexaenoico (DHA) (30 mg), fosfol\u00edpidos (200 mg), astaxantina esterificada (150 mcg)<\/span><\/p>\n<p><strong><span>Otros ingredientes:\u00a0<\/span><\/strong><br \/>\n<span>aceite de krill, gelatina (bovina), agua, glicerina, etil vainillina. Contiene mariscos (krill)<\/span><\/p>\n<p><strong><span>ADVERTENCIA:\u00a0<\/span><\/strong><br \/>\n<span>Si est\u00e1 embarazada o amamantando, es al\u00e9rgico a los mariscos, est\u00e1 tomando medicamentos, se enfrenta a una cirug\u00eda, tiene problemas de sangrado o se somete a cualquier otro tratamiento que pueda afectar la capacidad de coagulaci\u00f3n de la sangre, consulte a su m\u00e9dico antes de tomar este producto. Mantener fuera del alcance de los ni\u00f1os.\u00a0<\/span><\/p>\n<p><strong><span>IMPORTANTE:<\/span><\/strong><br \/>\n<span>Almacenar a temperatura ambiente, bien cerrado. Evitar el calor excesivo.\u00a0<\/span><br \/>\n<span>Sello de seguridad debajo de la tapa. No usar si el sello impreso est\u00e1 roto o falta.\u00a0<\/span><\/p>\n<p><strong><span>Verificado por la USP.<\/span><\/strong><\/p>\n<p><span>**Verificado por la USP: Solo los suplementos que cumplen con los rigurosos criterios de prueba, revisi\u00f3n y auditor\u00eda de la USP reciben la Marca de Verificaci\u00f3n de la USP.<\/span><\/p>\n<div><span>La marca USP verificada en la etiqueta de un suplemento diet\u00e9tico indica que el producto:<\/span><\/div>\n<ul>\n<li>\n<div><span>Contiene ingredientes enumerados en la etiqueta en la concentraci\u00f3n y cantidades declaradas.<\/span><\/div>\n<\/li>\n<li>\n<div><span>No contiene niveles nocivos de contaminantes espec\u00edficos, como metales pesados ??y pesticidas.<\/span><\/div>\n<\/li>\n<li>\n<div><span>Se descompondr\u00e1 y disolver\u00e1 dentro de un per\u00edodo de tiempo espec\u00edfico para que los ingredientes diet\u00e9ticos puedan ser liberados y absorbidos por el cuerpo.<\/span><\/div>\n<\/li>\n<li>\n<div><span>Cumple con las Buenas Pr\u00e1cticas de Manufactura de la FDA, utilizando procesos sanitarios y bien controlados.<\/span><\/div>\n<\/li>\n<\/ul>\n<div><\/div>\n<p><strong><span>*Estas declaraciones no han sido evaluadas por la Administraci\u00f3n de Alimentos y Medicamentos (FDA). Este producto no est\u00e1 destinado a diagnosticar, tratar, curar ni prevenir ninguna enfermedad.<\/span><\/strong><\/p>\n","protected":false},"excerpt":{"rendered":"<p>Aceite de Krill Kirkland Signature 500 mg, 180 c\u00e1psulas blandas Cuide su coraz\u00f3n con solo una c\u00e1psula blanda al d\u00eda de aceite de krill ant\u00e1rtico 100<span class=\"excerpt-hellip\"> [\u2026]<\/span><\/p>\n","protected":false},"featured_media":8504,"comment_status":"open","ping_status":"closed","template":"","meta":{"_joinchat":[]},"product_brand":[],"product_cat":[83,74,26,27,101,81,70],"product_tag":[],"class_list":{"0":"post-8501","1":"product","2":"type-product","3":"status-publish","4":"has-post-thumbnail","6":"product_cat-omega3-vitaminas-para-ellos","7":"product_cat-omega3","8":"product_cat-para-ellas","9":"product_cat-para-ellos","10":"product_cat-todos-los-productos","11":"product_cat-vitaminas-para-ellos","12":"product_cat-vitaminas","14":"first","15":"instock","16":"shipping-taxable","17":"purchasable","18":"product-type-simple"},"_links":{"self":[{"href":"https:\/\/ofertasimportadas.cl\/index.php\/wp-json\/wp\/v2\/product\/8501","targetHints":{"allow":["GET"]}}],"collection":[{"href":"https:\/\/ofertasimportadas.cl\/index.php\/wp-json\/wp\/v2\/product"}],"about":[{"href":"https:\/\/ofertasimportadas.cl\/index.php\/wp-json\/wp\/v2\/types\/product"}],"replies":[{"embeddable":true,"href":"https:\/\/ofertasimportadas.cl\/index.php\/wp-json\/wp\/v2\/comments?post=8501"}],"wp:featuredmedia":[{"embeddable":true,"href":"https:\/\/ofertasimportadas.cl\/index.php\/wp-json\/wp\/v2\/media\/8504"}],"wp:attachment":[{"href":"https:\/\/ofertasimportadas.cl\/index.php\/wp-json\/wp\/v2\/media?parent=8501"}],"wp:term":[{"taxonomy":"product_brand","embeddable":true,"href":"https:\/\/ofertasimportadas.cl\/index.php\/wp-json\/wp\/v2\/product_brand?post=8501"},{"taxonomy":"product_cat","embeddable":true,"href":"https:\/\/ofertasimportadas.cl\/index.php\/wp-json\/wp\/v2\/product_cat?post=8501"},{"taxonomy":"product_tag","embeddable":true,"href":"https:\/\/ofertasimportadas.cl\/index.php\/wp-json\/wp\/v2\/product_tag?post=8501"}],"curies":[{"name":"wp","href":"https:\/\/api.w.org\/{rel}","templated":true}]}}